when 19751782 is divided by 3845.
17
What is the remainder when 764460 is divided by 8588?
128
What is the remainder when 1217329 is divided by 1213673?
3656
Calculate the remainder when 41245740 is divided by 1282.
1236
Calculate the remainder when 30478987 is divided by 32.
11
What is the remainder when 31310 is divided by 31216?
94
Calculate the remainder when 185627 is divided by 2943.
218
Calculate the remainder when 30019 is divided by 182.
171
Calculate the remainder when 15681402 is divided by 5462.
0
What is the remainder when 243305 is divided by 839?
834
Calculate the remainder when 4699555 is divided by 4801.
4177
Calculate the remainder when 256462 is divided by 885.
697
Calculate the remainder when 49428351 is divided by 12357066.
87
What is the remainder when 2604028 is divided by 1024?
1020
Calculate the remainder when 44470 is divided by 1805.
1150
What is the remainder when 14238918 is divided by 1348?
1342
What is the remainder when 1124354 is divided by 4059?
11
Calculate the remainder when 17928315 is divided by 1629845.
20
What is the remainder when 672751 is divided by 671812?
939
What is the remainder when 77496 is divided by 9386?
2408
What is the remainder when 272142 is divided by 186?
24
Calculate the remainder when 11466 is divided by 233.
49
What is the remainder when 4326207 is divided by 304?
287
What is the remainder when 10854304 is divided by 3?
1
Calculate the remainder when 152733 is divided by 10013.
2538
What is the remainder when 158219 is divided by 11192?
1531
What is the remainder when 2294189 is divided by 12816?
125
What is the remainder when 33044597 is divided by 58486?
7
What is the remainder when 11373609 is divided by 12526?
1
Calculate the remainder when 130280 is divided by 33.
29
Calculate the remainder when 573442 is divided by 15.
7
Calculate the remainder when 997578 is divided by 51.
18
What is the remainder when 312058 is divided by 4879?
4681
What is the remainder when 50832683 is divided by 42933?
11
Calculate the remainder when 25366151 is divided by 90.
11
Calculate the remainder when 36150 is divided by 11185.
2595
What is the remainder when 321779 is divided by 592?
323
Calculate the remainder when 305591 is divided by 9250.
341
What is the remainder when 152414 is divided by 30471?
59
What is the remainder when 92858072 is divided by 231?
230
What is the remainder when 2359721 is divided by 15?
11
Calculate the remainder when 101014 is divided by 15822.
6082
What is the remainder when 2352066 is divided by 70?
66
What is the remainder when 21069705 is divided by 3252?
3249
Calculate the remainder when 221711081 is divided by 241.
239
What is the remainder when 37262021 is divided by 3105160?
101
Calculate the remainder when 398980 is divided by 386.
242
Calculate the remainder when 843775 is divided by 93746.
61
What is the remainder when 37412273 is divided by 5144?
5105
What is the remainder when 2075396 is divided by 8107?
4
Calculate the remainder when 28505849 is divided by 3167316.
5
What is the remainder when 6338647 is divided by 3920?
7
Calculate the remainder when 2444625 is divided by 967.
49
Calculate the remainder when 1607574 is divided by 3.
0
What is the remainder when 9388639 is divided by 197?
13
What is the remainder when 1828431 is divided by 3073?
3069
Calculate the remainder when 25534 is divided by 1438.
1088
What is the remainder when 1595389 is divided by 2222?
2215
What is the remainder when 98759192 is divided by 108?
104
Calculate the remainder when 51186 is divided by 183.
129
Calculate the remainder when 17659437 is divided by 1246.
1125
Calculate the remainder when 16757518 is divided by 540565.
3
Calculate the remainder when 49015891 is divided by 1292.
1287
Calculate the remainder when 391528771 is divided by 9.
7
Calculate the remainder when 1536438 is divided by 2729.
11
What is the remainder when 17693 is divided by 41?
22
Calculate the remainder when 158234360 is divided by 36.
32
What is the remainder when 35146 is divided by 8706?
322
Calculate the remainder when 5394085 is divided by 91422.
187
Calculate the remainder when 222292 is divided by 110770.
752
What is the remainder when 79423704 is divided by 2989?
2985
What is the remainder when 23452636 is divided by 47765?
21
What is the remainder when 690721 is divided by 1935?
1861
What is the remainder when 9097520 is divided by 28881?
5
What is the remainder when 29500247 is divided by 126?
119
Calculate the remainder when 62796 is divided by 10325.
846
Calculate the remainder when 683208 is divided by 46.
16
Calculate the remainder when 10895892 is divided by 243.
15
Calculate the remainder when 317763 is divided by 25.
13
Calculate the remainder when 1673624 is divided by 79694.
50
What is the remainder when 690481 is divided by 3456?
2737
What is the remainder when 231267 is divided by 3181?
2235
Calculate the remainder when 11147205 is divided by 8477.
8427
Calculate the remainder when 24001215 is divided by 2785.
85
What is the remainder when 321167 is divided by 9667?
2156
Calculate the remainder when 80603204 is divided by 124196.
0
What is the remainder when 4146438 is divided by 780?
738
Calculate the remainder when 1324653 is divided by 220753.
135
Calculate the remainder when 1416686 is divided by 1734.
8
Calculate the remainder when 244950102 is divided by 466.
464
What is the remainder when 351710 is divided by 79?
2
What is the remainder when 15788 is divided by 11904?
3884
Calculate the remainder when 15010582 is divided by 39192.
46
What is the remainder when 823329 is divided by 39195?
234
Calculate the remainder when 187984 is divided by 8747.
4297
What is the remainder when 19083 is divided by 4526?
979
What is the remainder when 19573804 is divided by 962?
952
Calculate the remainder when 6549659 is divided by 489.
482
What is the remainder when 104796 is divided by 5239?
16
What is the remainder when 1701067 is divided by 415?
397
What is the remainder when 29587700 is divided by 1129?
1126
Calculate the remainder when 6254438 is divided by 625443.
8
What is the remainder when 590778 is divided by 294807?
1164
Calculate the remainder when 4383 is divided by 1733.
917
What is the remainder when 17991375 is divided by 99952?
15
Calculate the remainder when 690570 is divided by 557.
447
What is the remainder when 1218899 is divided by 600?
299
Calculate the remainder when 556443 is divided by 92734.
39
What is the remainder when 63432 is divided by 3?
0
Calculate the remainder when 69583816 is divided by 3539.
3537
Calculate the remainder when 1639107 is divided by 8718.
123
What is the remainder when 29397465 is divided by 681?
57
Calculate the remainder when 111224157 is divided by 144.
141
Calculate the remainder when 1313234 is divided by 5863.
5785
Calculate the remainder when 101627 is divided by 10161.
17
What is the remainder when 15913340 is divided by 51?
14
What is the remainder when 1881477 is divided by 165?
147
Calculate the remainder when 171806 is divided by 1206.
554
Calculate the remainder when 587561 is divided by 2750.
1811
What is the remainder when 986408 is divided by 6127?
6088
Calculate the remainder when 74537697 is divided by 227944.
9
Calculate the remainder when 80501 is divided by 7315.
36
What is the remainder when 193283 is divided by 2357?
9
Calculate the remainder when 3593087 is divided by 639.
629
What is the remainder when 587409 is divided by 4215?
1524
Calculate the remainder when 143011 is divided by 5644.
1911
What is the remainder when 10805571 is divided by 104?
75
What is the remainder when 5438986 is divided by 45?
16
What is the remainder when 33012 is divided by 1956?
1716
What is the remainder when 27844 is divided by 761?
448
What is the remainder when 321130 is divided by 1466?
76
Calculate the remainder when 36946627 is divided by 190.
177
What is the remainder when 129111 is divided by 41111?
5778
Calculate the remainder when 3990223 is divided by 799.
17
Calculate the remainder when 1333772 is divided by 266705.
247
Calculate the remainder when 488739 is divided by 1029.
993
What is the remainder when 6559126 is divided by 504547?
15
Calculate the remainder when 215546396 is divided by 45.
41
What is the remainder